{"id":10,"date":"2026-05-07T18:23:13","date_gmt":"2026-05-07T16:23:13","guid":{"rendered":"http:\/\/ubieramykibicow.pl\/?page_id=10"},"modified":"2026-05-12T18:00:52","modified_gmt":"2026-05-12T16:00:52","slug":"strona-glowna","status":"publish","type":"page","link":"https:\/\/ubieramykibicow.pl\/","title":{"rendered":"Strona G\u0142\u00f3wna"},"content":{"rendered":"<div style=\"background:#050505 !important; color:#ffffff !important; font-family:Arial, sans-serif !important; line-height:1.6 !important; width:100% !important; margin:0 !important; padding:0 !important;\">\n<div style=\"background:#2b2b2b !important; max-width:1180px !important; margin:0 auto 45px auto !important; padding:22px 24px !important; display:flex !important; align-items:center !important; justify-content:center !important; gap:36px !important; flex-wrap:wrap !important; text-align:center !important;\">\n<p>    <a href=\"\/\" style=\"display:flex !important; align-items:center !important; justify-content:center !important; text-decoration:none !important;\"><br \/>\n      <img decoding=\"async\" src=\"https:\/\/ubieramykibicow.pl\/wp-content\/uploads\/2026\/05\/cropped-150898129_191452399403989_6465867448264109242_n-1.png\" alt=\"Ubieramy Kibic\u00f3w\" style=\"width:72px !important; height:auto !important; display:block !important;\"><br \/>\n    <\/a><\/p>\n<p>    <a href=\"#onas\" style=\"color:#ffffff !important; text-decoration:none !important; font-weight:800 !important; font-size:15px !important;\">O nas<\/a><\/p>\n<p>    <a href=\"#odziez\" style=\"color:#ffffff !important; text-decoration:none !important; font-weight:800 !important; font-size:15px !important;\">Odzie\u017c<\/a><\/p>\n<p>    <a href=\"https:\/\/ubieramykibicow.pl\/?page_id=345\" style=\"color:#ffffff !important; text-decoration:none !important; font-weight:800 !important; font-size:15px !important;\">Zdobienie<\/a><\/p>\n<p>    <a href=\"#kontakt\" style=\"background:#050505 !important; color:#c79618 !important; padding:11px 22px !important; border:1px solid #c79618 !important; border-radius:7px !important; text-decoration:none !important; font-weight:800 !important; font-size:15px !important;\">Kontakt<\/a><\/p>\n<p>    <a href=\"#kontakt\" style=\"background:#c79618 !important; color:#050505 !important; width:175px !important; height:44px !important; display:inline-flex !important; align-items:center !important; justify-content:center !important; border-radius:7px !important; text-decoration:none !important; font-weight:800 !important; font-size:14px !important;\">Wy\u015blij zapytanie<\/a><\/p><\/div>\n<section id=\"onas\" style=\"max-width:1180px !important; margin:0 auto !important; padding:35px 24px 70px 24px !important; text-align:center !important;\">\n<div style=\"color:#ffffff !important; font-size:14px !important; margin-bottom:18px !important;\">\n      PRODUKCJA I ZDOBIENIE ODZIE\u017bY\n    <\/div>\n<h1 style=\"font-size:54px !important; line-height:1.05 !important; margin:0 0 24px 0 !important; color:#b8b8b8 !important; font-weight:800 !important; text-align:center !important;\">\n      UBIERAMY KIBIC\u00d3W<br \/>\n    <\/h1>\n<p style=\"font-size:18px !important; color:#ffffff !important; text-align:center !important; max-width:900px !important; margin:0 auto 20px auto !important;\">\n      Tworzymy odzie\u017c na zam\u00f3wienie dla kibic\u00f3w, ekip, grup, marek i firm \u2014 od projektu, przez produkcj\u0119, po haft, nadruk i gotowy produkt.\n    <\/p>\n<p style=\"font-size:18px !important; color:#ffffff !important; text-align:center !important; margin:0 auto 24px auto !important;\">\n      Bluzy, koszulki, czapki, hafty, nadruki w jednym miejscu.\n    <\/p>\n<div onclick=\"window.location.href='#kontakt'\" style=\"background:#c79618 !important; color:#050505 !important; width:190px !important; height:44px !important; border-radius:7px !important; font-weight:800 !important; font-size:14px !important; display:flex !important; align-items:center !important; justify-content:center !important; margin:0 auto !important; cursor:pointer !important;\">\n      Zapytaj o realizacj\u0119\n    <\/div>\n<\/section>\n<section id=\"odziez\" style=\"max-width:1180px !important; margin:0 auto !important; padding:70px 24px !important; border-top:1px solid rgba(255,255,255,0.08) !important;\">\n<h2 style=\"text-align:center !important; color:#b8b8b8 !important; font-size:36px !important; font-weight:800 !important; margin:0 0 24px 0 !important;\">\n<h2 style=\"text-align:center !important; color:#b8b8b8 !important; font-size:36px !important; font-weight:800 !important; margin:0 0 24px 0 !important;\">\n  Odzie\u017c na zam\u00f3wienie<br \/>\n<\/h2>\n<p style=\"text-align:center !important; max-width:850px !important; margin:0 auto 20px auto !important; color:#ffffff !important; font-size:18px !important;\">\n  Szyjemy i przygotowujemy odzie\u017c pod konkretny projekt, ilo\u015b\u0107, barwy i przeznaczenie.\n<\/p>\n<div style=\"display:grid !important; grid-template-columns:repeat(auto-fit, minmax(260px, 300px)) !important; justify-content:center !important; gap:24px !important; margin-top:32px !important; width:100% !important; max-width:650px !important; margin-left:auto !important; margin-right:auto !important;\">\n<div onclick=\"window.location.href='https:\/\/ubieramykibicow.pl\/?page_id=112'\" onmouseover=\"this.style.borderColor='#c79618'; this.style.boxShadow='0 0 24px rgba(199,150,24,0.25)';\" onmouseout=\"this.style.borderColor='#333333'; this.style.boxShadow='none';\" style=\"background:#111111 !important; border:1px solid #333333 !important; border-radius:16px !important; padding:26px !important; min-height:210px !important; width:300px !important; max-width:100% !important; display:flex !important; align-items:center !important; justify-content:center !important; text-align:center !important; cursor:pointer !important; transition:0.25s ease !important;\">\n<h3 style=\"color:#ffffff !important; font-size:22px !important; font-weight:800 !important; margin:0 !important;\">Bluzy<\/h3>\n<\/p><\/div>\n<div onclick=\"window.location.href='https:\/\/ubieramykibicow.pl\/?page_id=262'\" onmouseover=\"this.style.borderColor='#c79618'; this.style.boxShadow='0 0 24px rgba(199,150,24,0.25)';\" onmouseout=\"this.style.borderColor='#333333'; this.style.boxShadow='none';\" style=\"background:#111111 !important; border:1px solid #333333 !important; border-radius:16px !important; padding:26px !important; min-height:210px !important; width:300px !important; max-width:100% !important; display:flex !important; align-items:center !important; justify-content:center !important; text-align:center !important; cursor:pointer !important; transition:0.25s ease !important;\">\n<h3 style=\"color:#ffffff !important; font-size:22px !important; font-weight:800 !important; margin:0 !important;\">Koszulki<\/h3>\n<\/p><\/div>\n<div onclick=\"window.location.href='https:\/\/ubieramykibicow.pl\/?page_id=319'\" onmouseover=\"this.style.borderColor='#c79618'; this.style.boxShadow='0 0 24px rgba(199,150,24,0.25)';\" onmouseout=\"this.style.borderColor='#333333'; this.style.boxShadow='none';\" style=\"background:#111111 !important; border:1px solid #333333 !important; border-radius:16px !important; padding:26px !important; min-height:210px !important; width:300px !important; max-width:100% !important; display:flex !important; align-items:center !important; justify-content:center !important; text-align:center !important; cursor:pointer !important; transition:0.25s ease !important;\">\n<h3 style=\"color:#ffffff !important; font-size:22px !important; font-weight:800 !important; margin:0 !important;\">Czapki i akcesoria<\/h3>\n<\/p><\/div>\n<div onclick=\"window.location.href='https:\/\/ubieramykibicow.pl\/?page_id=551'\" onmouseover=\"this.style.borderColor='#c79618'; this.style.boxShadow='0 0 24px rgba(199,150,24,0.25)';\" onmouseout=\"this.style.borderColor='#333333'; this.style.boxShadow='none';\" style=\"background:#111111 !important; border:1px solid #333333 !important; border-radius:16px !important; padding:26px !important; min-height:210px !important; width:300px !important; max-width:100% !important; display:flex !important; align-items:center !important; justify-content:center !important; text-align:center !important; cursor:pointer !important; transition:0.25s ease !important;\">\n<h3 style=\"color:#ffffff !important; font-size:22px !important; font-weight:800 !important; margin:0 !important;\">Spodenki<\/h3>\n<\/p><\/div>\n<\/div>\n<section style=\"max-width:1180px !important; margin:0 auto !important; padding:70px 24px !important; border-top:1px solid rgba(255,255,255,0.08) !important;\">\n<h2 style=\"color:#b8b8b8 !important; text-align:center !important; font-size:36px !important; font-weight:800 !important; margin:0 0 24px 0 !important;\">\n      Dlaczego warto zam\u00f3wi\u0107 u nas?<br \/>\n    <\/h2>\n<div style=\"display:grid !important; grid-template-columns:repeat(auto-fit, minmax(260px, 300px)) !important; justify-content:center !important; gap:24px !important; margin-top:32px !important; width:100% !important;\">\n<div style=\"background:#111111 !important; border:1px solid #333333 !important; border-radius:16px !important; padding:26px !important; min-height:210px !important; width:300px !important; max-width:100% !important; display:flex !important; flex-direction:column !important; align-items:center !important; justify-content:center !important; text-align:center !important;\">\n<h3 style=\"color:#ffffff !important; font-size:22px !important; font-weight:800 !important; margin:0 0 12px 0 !important;\">Atrakcyjne ceny<\/h3>\n<p style=\"color:#ffffff !important; font-size:18px !important; margin:0 !important; text-align:center !important;\">Przygotowujemy wyceny indywidualnie pod ilo\u015b\u0107, projekt i zakres realizacji.<\/p>\n<\/p><\/div>\n<div style=\"background:#111111 !important; border:1px solid #333333 !important; border-radius:16px !important; padding:26px !important; min-height:210px !important; width:300px !important; max-width:100% !important; display:flex !important; flex-direction:column !important; align-items:center !important; justify-content:center !important; text-align:center !important;\">\n<h3 style=\"color:#ffffff !important; font-size:22px !important; font-weight:800 !important; margin:0 0 12px 0 !important;\">Kr\u00f3tki czas realizacji<\/h3>\n<p style=\"color:#ffffff !important; font-size:18px !important; margin:0 !important; text-align:center !important;\">Wszystko w jednym miejscu:<br \/>\nszycie, hafty i nadruki .<\/p>\n<\/p><\/div>\n<div style=\"background:#111111 !important; border:1px solid #333333 !important; border-radius:16px !important; padding:26px !important; min-height:210px !important; width:300px !important; max-width:100% !important; display:flex !important; flex-direction:column !important; align-items:center !important; justify-content:center !important; text-align:center !important;\">\n<h3 style=\"color:#ffffff !important; font-size:22px !important; font-weight:800 !important; margin:0 0 12px 0 !important;\">Od 1 sztuki do wi\u0119kszych zam\u00f3wie\u0144<\/h3>\n<p style=\"color:#ffffff !important; font-size:18px !important; margin:0 !important; text-align:center !important;\">Realizujemy zar\u00f3wno pojedyncze sztuki, jak i wi\u0119ksze komplety dla grup, ekip i firm.<\/p>\n<\/p><\/div>\n<\/p><\/div>\n<style>\n  @media (max-width: 800px) {\n    .uk-contact-buttons {\n      flex-direction: column !important;\n      gap: 14px !important;\n    }<\/p>\n<p>    .uk-contact-buttons a {\n      width: 220px !important;\n      min-width: 220px !important;\n    }\n  }\n<\/style>\n<section id=\"kontakt\" style=\"max-width:1180px !important; margin:0 auto !important; padding:70px 24px !important; text-align:center !important; border-top:1px solid rgba(255,255,255,0.08) !important;\">\n<div style=\"background:#111111 !important; color:#ffffff !important; border:1px solid #333333 !important; border-radius:22px !important; padding:45px 35px !important; text-align:center !important; margin:0 auto !important; max-width:860px !important; width:100% !important; display:block !important;\">\n<h2 style=\"text-align:center !important; color:#b8b8b8 !important; font-size:28px !important; line-height:1.25 !important; margin:0 auto 22px auto !important; font-weight:800 !important;\">\n      Masz pomys\u0142 na w\u0142asn\u0105 odzie\u017c? Z ch\u0119ci\u0105 go zrealizujemy.<br \/>\n    <\/h2>\n<p style=\"text-align:center !important; max-width:760px !important; margin:0 auto 24px auto !important; color:#ffffff !important; font-size:18px !important;\">\n      Skontaktuj si\u0119 z nami, a przedstawimy szczeg\u00f3\u0142y naszej oferty.\n    <\/p>\n<div style=\"display:grid !important; grid-template-columns:repeat(auto-fit, minmax(220px, 220px)) !important; justify-content:center !important; align-items:center !important; gap:14px !important; margin:25px auto 0 auto !important; text-align:center !important; width:100% !important;\">\n<p><a href=\"mailto:ubieramykibicow@gmail.com?subject=Zapytanie%20o%20odzie\u017c\" style=\"background:#c79618 !important; color:#050505 !important; height:44px !important; width:220px !important; padding:0 !important; border-radius:8px !important; text-decoration:none !important; font-weight:800 !important; font-size:15px !important; display:flex !important; align-items:center !important; justify-content:center !important; text-align:center !important; line-height:44px !important; white-space:nowrap !important;\"><br \/>\n  <span style=\"display:block !important; line-height:1 !important; margin:0 !important; padding:0 !important;\">E-mail<\/span><br \/>\n<\/a><\/p>\n<p><a href=\"https:\/\/wa.me\/48537177584\" target=\"_blank\" rel=\"noopener\" style=\"background:#c79618 !important; color:#050505 !important; height:44px !important; width:220px !important; padding:0 !important; border-radius:8px !important; text-decoration:none !important; font-weight:800 !important; font-size:15px !important; display:flex !important; align-items:center !important; justify-content:center !important; text-align:center !important; line-height:44px !important; white-space:nowrap !important;\"><br \/>\n  <span style=\"display:block !important; line-height:1 !important; margin:0 !important; padding:0 !important;\">WhatsApp<\/span><br \/>\n<\/a><\/p><\/div>\n<\/p><\/div>\n<\/section>\n<\/div>\n","protected":false},"excerpt":{"rendered":"<p>O nas Odzie\u017c Zdobienie Kontakt Wy\u015blij zapytanie PRODUKCJA I ZDOBIENIE ODZIE\u017bY UBIERAMY KIBIC\u00d3W Tworzymy odzie\u017c na zam\u00f3wienie dla kibic\u00f3w, ekip, [&hellip;]<\/p>\n","protected":false},"author":1,"featured_media":0,"parent":0,"menu_order":0,"comment_status":"closed","ping_status":"closed","template":"","meta":{"site-sidebar-layout":"no-sidebar","site-content-layout":"","ast-site-content-layout":"full-width-container","site-content-style":"default","site-sidebar-style":"default","ast-global-header-display":"","ast-banner-title-visibility":"","ast-main-header-display":"","ast-hfb-above-header-display":"","ast-hfb-below-header-display":"","ast-hfb-mobile-header-display":"","site-post-title":"","ast-breadcrumbs-content":"","ast-featured-img":"disabled","footer-sml-layout":"","ast-disable-related-posts":"","theme-transparent-header-meta":"","adv-header-id-meta":"","stick-header-meta":"","header-above-stick-meta":"","header-main-stick-meta":"","header-below-stick-meta":"","astra-migrate-meta-layouts":"default","ast-page-background-enabled":"default","ast-page-background-meta":{"desktop":{"background-color":"var(--ast-global-color-5)","background-image":"","background-repeat":"repeat","background-position":"center center","background-size":"auto","background-attachment":"scroll","background-type":"","background-media":"","overlay-type":"","overlay-color":"","overlay-opacity":"","overlay-gradient":""},"tablet":{"background-color":"","background-image":"","background-repeat":"repeat","background-position":"center center","background-size":"auto","background-attachment":"scroll","background-type":"","background-media":"","overlay-type":"","overlay-color":"","overlay-opacity":"","overlay-gradient":""},"mobile":{"background-color":"","background-image":"","background-repeat":"repeat","background-position":"center center","background-size":"auto","background-attachment":"scroll","background-type":"","background-media":"","overlay-type":"","overlay-color":"","overlay-opacity":"","overlay-gradient":""}},"ast-content-background-meta":{"desktop":{"background-color":"var(--ast-global-color-4)","background-image":"","background-repeat":"repeat","background-position":"center center","background-size":"auto","background-attachment":"scroll","background-type":"","background-media":"","overlay-type":"","overlay-color":"","overlay-opacity":"","overlay-gradient":""},"tablet":{"background-color":"var(--ast-global-color-4)","background-image":"","background-repeat":"repeat","background-position":"center center","background-size":"auto","background-attachment":"scroll","background-type":"","background-media":"","overlay-type":"","overlay-color":"","overlay-opacity":"","overlay-gradient":""},"mobile":{"background-color":"var(--ast-global-color-4)","background-image":"","background-repeat":"repeat","background-position":"center center","background-size":"auto","background-attachment":"scroll","background-type":"","background-media":"","overlay-type":"","overlay-color":"","overlay-opacity":"","overlay-gradient":""}},"footnotes":""},"class_list":["post-10","page","type-page","status-publish","hentry"],"_links":{"self":[{"href":"https:\/\/ubieramykibicow.pl\/index.php?rest_route=\/wp\/v2\/pages\/10","targetHints":{"allow":["GET"]}}],"collection":[{"href":"https:\/\/ubieramykibicow.pl\/index.php?rest_route=\/wp\/v2\/pages"}],"about":[{"href":"https:\/\/ubieramykibicow.pl\/index.php?rest_route=\/wp\/v2\/types\/page"}],"author":[{"embeddable":true,"href":"https:\/\/ubieramykibicow.pl\/index.php?rest_route=\/wp\/v2\/users\/1"}],"replies":[{"embeddable":true,"href":"https:\/\/ubieramykibicow.pl\/index.php?rest_route=%2Fwp%2Fv2%2Fcomments&post=10"}],"version-history":[{"count":190,"href":"https:\/\/ubieramykibicow.pl\/index.php?rest_route=\/wp\/v2\/pages\/10\/revisions"}],"predecessor-version":[{"id":658,"href":"https:\/\/ubieramykibicow.pl\/index.php?rest_route=\/wp\/v2\/pages\/10\/revisions\/658"}],"wp:attachment":[{"href":"https:\/\/ubieramykibicow.pl\/index.php?rest_route=%2Fwp%2Fv2%2Fmedia&parent=10"}],"curies":[{"name":"wp","href":"https:\/\/api.w.org\/{rel}","templated":true}]}}