{"id":569,"date":"2026-05-10T18:44:45","date_gmt":"2026-05-10T16:44:45","guid":{"rendered":"https:\/\/ubieramykibicow.pl\/?page_id=569"},"modified":"2026-05-10T19:09:36","modified_gmt":"2026-05-10T17:09:36","slug":"spodenki-2","status":"publish","type":"page","link":"https:\/\/ubieramykibicow.pl\/?page_id=569","title":{"rendered":"Spodenki"},"content":{"rendered":"<section class=\"uk-section\" id=\"spodenki\">\n<h1 style=\"color:#b8b8b8 !important; text-align:center !important;\">\n    Spodenki<br \/>\n  <\/h1>\n<div style=\"max-width:900px !important; margin-left:auto !important; margin-right:auto !important; text-align:center !important;\">\n<p style=\"color:#ffffff !important;\">\n      Spodenki wykonujemy wed\u0142ug indywidualnego projektu. Mo\u017cemy przygotowa\u0107 je z bawe\u0142ny o gramaturze 280 g, ze spodem o strukturze p\u0119telki, albo z ortalionu z siateczk\u0105 od wewn\u0105trz.\n    <\/p>\n<p style=\"color:#ffffff !important;\">\n      W zale\u017cno\u015bci od modelu spodenki mog\u0105 posiada\u0107 dwie lub trzy kieszenie. Wykonujemy r\u00f3wnie\u017c spodenki typowo sportowe, mi\u0119dzy innymi do MMA, pi\u0142ki no\u017cnej oraz innych aktywno\u015bci.\n    <\/p>\n<p style=\"color:#ffffff !important;\">\n      Spodenki mo\u017cemy przygotowa\u0107 w wybranej kolorystyce, z haftem, nadrukiem, logotypem, herbem, napisem lub grafik\u0105 dopasowan\u0105 do konkretnego projektu.\n    <\/p>\n<p style=\"color:#ffffff !important;\">\n      Skontaktuj si\u0119 z nami i pode\u015blij projekt. Sprawdzimy mo\u017cliwo\u015bci wykonania i przygotujemy wycen\u0119 spodenek.\n    <\/p>\n<\/p><\/div>\n<div style=\"display:grid !important; grid-template-columns:repeat(auto-fit, minmax(260px, 300px)) !important; justify-content:center !important; gap:20px !important; margin-top:30px !important;\">\n<div class=\"uk-product-card\">\n    <a href=\"http:\/\/ubieramykibicow.pl\/wp-content\/uploads\/2026\/05\/spodenki-acab.jpg\" data-slb-group=\"spodenki-realizacje\"><br \/>\n      <img decoding=\"async\" \n        src=\"http:\/\/ubieramykibicow.pl\/wp-content\/uploads\/2026\/05\/spodenki-acab.jpg\" \n        alt=\"Spodenki z haftem\" \n        style=\"width:100% !important; height:230px !important; object-fit:cover !important; object-position:center !important; filter:none !important; opacity:1 !important; mix-blend-mode:normal !important; border-radius:14px !important; cursor:pointer !important;\"\n      ><br \/>\n    <\/a><\/p>\n<h3>Spodenki z haftem<\/h3>\n<\/p><\/div>\n<div class=\"uk-product-card\">\n    <a href=\"http:\/\/ubieramykibicow.pl\/wp-content\/uploads\/2026\/05\/spodenki-ortalion-haft.jpg\" data-slb-group=\"spodenki-realizacje\"><br \/>\n      <img decoding=\"async\" \n        src=\"http:\/\/ubieramykibicow.pl\/wp-content\/uploads\/2026\/05\/spodenki-ortalion-haft.jpg\" \n        alt=\"Spodenki ortalionowe z haftem\" \n        style=\"width:100% !important; height:230px !important; object-fit:cover !important; object-position:center !important; filter:none !important; opacity:1 !important; mix-blend-mode:normal !important; border-radius:14px !important; cursor:pointer !important;\"\n      ><br \/>\n    <\/a><\/p>\n<h3>Spodenki ortalionowe z haftem<\/h3>\n<\/p><\/div>\n<\/div>\n","protected":false},"excerpt":{"rendered":"<p>Spodenki Spodenki wykonujemy wed\u0142ug indywidualnego projektu. Mo\u017cemy przygotowa\u0107 je z bawe\u0142ny o gramaturze 280 g, ze spodem o strukturze p\u0119telki, [&hellip;]<\/p>\n","protected":false},"author":1,"featured_media":0,"parent":0,"menu_order":0,"comment_status":"closed","ping_status":"closed","template":"","meta":{"site-sidebar-layout":"default","site-content-layout":"","ast-site-content-layout":"default","site-content-style":"default","site-sidebar-style":"default","ast-global-header-display":"","ast-banner-title-visibility":"","ast-main-header-display":"","ast-hfb-above-header-display":"","ast-hfb-below-header-display":"","ast-hfb-mobile-header-display":"","site-post-title":"","ast-breadcrumbs-content":"","ast-featured-img":"","footer-sml-layout":"","ast-disable-related-posts":"","theme-transparent-header-meta":"","adv-header-id-meta":"","stick-header-meta":"","header-above-stick-meta":"","header-main-stick-meta":"","header-below-stick-meta":"","astra-migrate-meta-layouts":"default","ast-page-background-enabled":"default","ast-page-background-meta":{"desktop":{"background-color":"var(--ast-global-color-5)","background-image":"","background-repeat":"repeat","background-position":"center center","background-size":"auto","background-attachment":"scroll","background-type":"","background-media":"","overlay-type":"","overlay-color":"","overlay-opacity":"","overlay-gradient":""},"tablet":{"background-color":"","background-image":"","background-repeat":"repeat","background-position":"center center","background-size":"auto","background-attachment":"scroll","background-type":"","background-media":"","overlay-type":"","overlay-color":"","overlay-opacity":"","overlay-gradient":""},"mobile":{"background-color":"","background-image":"","background-repeat":"repeat","background-position":"center center","background-size":"auto","background-attachment":"scroll","background-type":"","background-media":"","overlay-type":"","overlay-color":"","overlay-opacity":"","overlay-gradient":""}},"ast-content-background-meta":{"desktop":{"background-color":"var(--ast-global-color-4)","background-image":"","background-repeat":"repeat","background-position":"center center","background-size":"auto","background-attachment":"scroll","background-type":"","background-media":"","overlay-type":"","overlay-color":"","overlay-opacity":"","overlay-gradient":""},"tablet":{"background-color":"var(--ast-global-color-4)","background-image":"","background-repeat":"repeat","background-position":"center center","background-size":"auto","background-attachment":"scroll","background-type":"","background-media":"","overlay-type":"","overlay-color":"","overlay-opacity":"","overlay-gradient":""},"mobile":{"background-color":"var(--ast-global-color-4)","background-image":"","background-repeat":"repeat","background-position":"center center","background-size":"auto","background-attachment":"scroll","background-type":"","background-media":"","overlay-type":"","overlay-color":"","overlay-opacity":"","overlay-gradient":""}},"footnotes":""},"class_list":["post-569","page","type-page","status-publish","hentry"],"_links":{"self":[{"href":"https:\/\/ubieramykibicow.pl\/index.php?rest_route=\/wp\/v2\/pages\/569","targetHints":{"allow":["GET"]}}],"collection":[{"href":"https:\/\/ubieramykibicow.pl\/index.php?rest_route=\/wp\/v2\/pages"}],"about":[{"href":"https:\/\/ubieramykibicow.pl\/index.php?rest_route=\/wp\/v2\/types\/page"}],"author":[{"embeddable":true,"href":"https:\/\/ubieramykibicow.pl\/index.php?rest_route=\/wp\/v2\/users\/1"}],"replies":[{"embeddable":true,"href":"https:\/\/ubieramykibicow.pl\/index.php?rest_route=%2Fwp%2Fv2%2Fcomments&post=569"}],"version-history":[{"count":7,"href":"https:\/\/ubieramykibicow.pl\/index.php?rest_route=\/wp\/v2\/pages\/569\/revisions"}],"predecessor-version":[{"id":579,"href":"https:\/\/ubieramykibicow.pl\/index.php?rest_route=\/wp\/v2\/pages\/569\/revisions\/579"}],"wp:attachment":[{"href":"https:\/\/ubieramykibicow.pl\/index.php?rest_route=%2Fwp%2Fv2%2Fmedia&parent=569"}],"curies":[{"name":"wp","href":"https:\/\/api.w.org\/{rel}","templated":true}]}}